 l. What is the greatest common factor of v and 70?
14
Let x(u) = 8*u**3 + 610*u**2 + 124*u - 96. Let n be x(-76). Calculate the greatest common divisor of n and 80.
16
Let j(a) = -10*a + 90. Let t be j(8). Suppose 0 = 9*f + t*f - 3040. Calculate the highest common divisor of 8 and f.
8
Suppose 5*f = 7*f + 30. Let x be 2052/45 - (-9)/f. Let u be (-7)/(-11)*28 - (-60)/330. Calculate the greatest common factor of x and u.
9
Let y(n) = n**3 - 72*n**2 + 339*n + 38. Let r be y(67). Let p be ((-4)/3)/((-4)/222). Suppose -u + r = p. Calculate the greatest common factor of u and 29.
29
Suppose -5*u - 3*c - 15 - 42 = 0, c + 31 = -3*u. Let q = -13 - u. Let t be 47/2*q/(-2) + 1. What is the greatest common divisor of t and 6?
6
Let n = 88740 + -49446. Calculate the greatest common divisor of 37 and n.
37
Suppose -130 = -5*v - 5*q, -2*q - 13 = -v + 16. Let t(d) = -2*d**3 + 25*d**2 + 7*d + 15. Let c be t(12). Calculate the greatest common factor of c and v.
27
Let r(c) = 1091*c + 2122. Let u be r(4). Calculate the highest common factor of 3384 and u.
282
Let m(p) = -2*p**3 - 16*p**2 + 15*p - 17. Let f be m(-11). Calculate the greatest common factor of 3400 and f.
136
Let f(j) = 11*j**3 - j**2 - 36*j + 77. Let y be f(4). Calculate the highest common factor of y and 243.
27
Let o be 19 + -5 + (-8)/(-2). Let t be 46/(-299) + (-108)/(-26). Let d = 5 + t. What is the highest common factor of o and d?
9
Suppose -7*i + 506 = -5*i. Suppose -i = -3*n - 61. Suppose -20*w + 21 = -18*w + p, 25 = 5*w - 3*p. What is the greatest common divisor of n and w?
8
Suppose -2*c + 4*o + 20 = o, 36 = 3*c - 3*o. Suppose 0 = 188*z - 190*z - 4. Let u = z - -6. What is the highest common divisor of u and c?
4
Let t be 2*9/117 - (-8 - (-18)/117). Suppose -45 = -5*b + 155. Calculate the greatest common divisor of t and b.
8
Suppose 3*s + 24 = 3*l, 3*l - 2*s = -s + 26. Let a = -9 - l. Let x = 33 + a. Calculate the greatest common factor of x and 60.
15
Suppose -988686 = -219*p + 20*p - 160*p. What is the highest common factor of p and 68?
34
Let u(q) = 2*q**3 - 32*q**2 + 5*q - 5. Let s be u(16). What is the highest common factor of 810 and s?
15
Let x = 60 - 57. Suppose -x*g - 6 = 5*i, 2*g - 5*g + 4*i = -21. Suppose -5*m + 26 - 6 = 2*u, g*u + 33 = 3*m. What is the highest common factor of 54 and m?
6
Let t(d) = d**3 - 19*d**2 + 23*d + 22. Let v be t(18). What is the highest common factor of v and 4144?
112
Let b be 1 - ((-8246)/57 + (-2)/6). Suppose 0 = b*l - 142*l - 156. What is the greatest common divisor of l and 52?
13
Suppose -681 = -6*f - 9. Suppose 10*z + f = 17*z. Suppose 0 = -y - 2*r + 72, 5*y + 2*r = -0*y + 328. Calculate the highest common factor of y and z.
16
Let p(u) = -u**2 - 9*u + 34. Let z be p(-10). Calculate the highest common divisor of z and 4416.
24
Let m = -8 + 19. Suppose -5*g + 26 = m. Suppose -52 = g*c - 8*c - 3*k, -4*k = -c - 8. Calculate the highest common factor of c and 20.
4
Let k(j) = j**3 + 10*j**2 - j - 1. Let r be k(-10). Let a be (-3644)/(-36) + (-12)/54. Suppose 43 = 4*q - a. What is the greatest common divisor of r and q?
9
Let c = -167 + 235. Suppose 3*u - 20 = 5*a, 3*u - 11 = -5*a + a. Suppose 5*h - u = 15. Calculate the greatest common factor of h and c.
4
Let o(w) = -w**2 - w + 16. Let g be o(0). Let s be (51/34)/((-12)/416). Let t be ((-16)/(-6))/(s/(-78)). What is the highest common divisor of g and t?
4
Let z = 1487 + -2169. Let p = -416 - z. Calculate the highest common divisor of p and 42.
14
Let l = 73 - -1385. Let w be l/30 - (-3)/(-5). Let d be 59/2 + 25/10. Calculate the highest common divisor of w and d.
16
Suppose -4*z = -3*m + 50, 174*z - 175*z - 11 = 0. Suppose 32 = -u + 5*u. Let v = u - 3. What is the greatest common divisor of v and m?
1
Let w = -1926 - -2014. What is the greatest common divisor of 32 and w?
8
Let m be ((-3)/2)/((-15)/985070 + 0). Suppose -m = -12*h - 9419. Let k be h/48 + 2/(-3). What is the greatest common divisor of 14 and k?
14
Let y be (14 - 14)/(-19) + 0 + 5. Let n be (880/64)/(y/8). Let t be -3*(19/(-3) + -1). Calculate the greatest common factor of t and n.
22
Let w be 10*36/168*21. Calculate the greatest common divisor of w and 18405.
45
Let j = -11287 + 13346. What is the highest common factor of 639 and j?
71
Suppose 23*d + 12*d - 16193 - 3967 = 0. Calculate the highest common divisor of d and 1776.
48
Let x(h) be the third derivative of h**5/60 - 3*h**4/2 + 107*h**3/3 - 58*h**2 + 2. Let d be x(6). What is the highest common divisor of 799 and d?
17
Let u(n) = 26*n**2 - 504*n + 24. Let g be u(20). Calculate the highest common factor of g and 2150.
86
Let g = -49 + 263. Suppose 0 = -g*v + 208*v + 2310. Let a(f) = 55*f. Let r be a(1). What is the highest common divisor of r and v?
55
Let t be 216/(-96)*(-276 + 0/4). Calculate the highest common factor of t and 252.
9
Let v(g) = -g**3 - 8*g**2 - 45*g - 24. Let n be v(-14). Calculate the highest common divisor of 264 and n.
66
Let l(g) = 42*g**3 + 3*g**2 - 11*g - 28. Let t be l(-2). Let r = t - -417. Calculate the highest common divisor of 319 and r.
29
Let o = -12642 - -14567. What is the highest common factor of o and 154?
77
Let a(h) = 17*h + 23*h - 136 + 33*h - 20*h + 44. Let b be a(2). Let q be 2 + -1*(-26 - 0). Calculate the highest common divisor of q and b.
14
Let f be -6971 + -3 + (-3)/(-12)*-4. Let x be (-3 - (-55)/25)/(18/f). Calculate the highest common factor of x and 5.
5
Let a be -2 - (15 - 18) - (3 - 10). Suppose 4*m - 28 = 36. Calculate the highest common divisor of m and a.
8
Suppose 186*f - 2630 = 181*f - 5*v, 5*f = 2*v + 2623. Calculate the highest common divisor of f and 35.
35
Suppose -72*b = -18*b + 1134. Let z be (-513)/(-18)*(-28)/b. What is the highest common factor of z and 703?
19
Suppose 2*s = -92*u + 95*u + 92, -2*u = -s + 46. What is the greatest common factor of 4991 and s?
23
Let q be 14/(-35) - (-921)/15. Calculate the highest common divisor of 671 and q.
61
Let l(m) = m**2 + 20*m + 691. Let s be l(-25). What is the highest common divisor of s and 442?
34
Suppose 8*k = 272 + 1776. Let g be 4/40*k - (-8)/20. What is the highest common factor of g and 39?
13
Let v(g) = -1076*g + 9918. Let k be v(9). Calculate the highest common divisor of k and 1417.
13
Let h(i) = i**3 - 31*i**2 + 27*i + 75. Let g be h(30). Let n(x) = -x**3 - 15*x**2 - 9*x + 10. Let o be n(g). What is the greatest common factor of 29 and o?
29
Suppose 0 = 4*d - 2*h - 686, -5*d + 340 = 4*h - 524. Calculate the highest common factor of d and 1634.
86
Let d(s) = 4*s**2 - 14. Let l = 715 - 720. Let h be d(l). What is the highest common divisor of h and 1462?
86
Suppose -460 - 190 = -13*y. Let n be 4 - (y/(-2) + -6). Calculate the greatest common factor of 5 and n.
5
Let y(v) = 24*v + 14634. Let b be y(-84). Calculate the highest common divisor of 9 and b.
9
Let k be -36*6/(-4)*4. Suppose -6768 = -17*r - 124*r. What is the highest common divisor of k and r?
24
Let m be 3 - (-35 - (14 + (-13 - -11))). Let l = 3 - -2. Suppose 0 = l*y - 5*f + 4*f - 497, 4*f + 88 = y. What is the greatest common divisor of y and m?
50
Let v(h) = 0*h + 13 + 13*h + 8 + 43. Let g be v(-4). Calculate the greatest common divisor of g and 276.
12
Let j(w) = w**3 + 6*w**2 - w + 2. Let m be j(-5). Let u = m + -21. Let l = 6084 - 6007. What is the highest common factor of u and l?
11
Let k(i) = 2*i**2 + 105*i - 2312. Let q be k(19). Calculate the highest common divisor of q and 30.
15
Let q be (1 + 0)/((-3)/(-45)). Suppose 5*l - 117 = -37. Suppose l = 3*n - o - 12, 0 = 5*n - 5*o - 40. What is the highest common divisor of q and n?
5
Suppose 0 = -4*a + 12, -3*a = -5*v - a + 34. Let b be (8/10)/(v/60). What is the highest common factor of b and 114?
6
Suppose 5*z - z = 60. Suppose 134 = 2*a - 3*a. Let m = -124 - a. Calculate the greatest common divisor of m and z.
5
Let b(y) = -120*y**3 - 2*y**2 - 3*y - 1. Let m be b(-1). Let h = -108 + m. Suppose 16 = -11*f + 13*f. Calculate the highest common factor of h and f.
4
Suppose 10 = -8*q + 9*q. Let x be 1 + (4 + -3)/(-1). Suppose q = y - x. What is the highest common factor of y and 4?
2
Let c(w) = -52*w + 492. Let y be c(3). Let q be (2 + 5)/(6/18). What is the greatest common divisor of y and q?
21
Suppose 0 = -5*m - 4*l + 854, 222*m - 225*m =